{"id":44,"date":"2016-02-11T18:48:46","date_gmt":"2016-02-11T18:48:46","guid":{"rendered":"http:\/\/escolahenriquemedina.org\/cqep\/?page_id=44"},"modified":"2016-02-11T18:51:44","modified_gmt":"2016-02-11T18:51:44","slug":"rvcc-profissional","status":"publish","type":"page","link":"https:\/\/escolahenriquemedina.org\/cqep\/rvcc-profissional\/","title":{"rendered":"RVCC Profissional"},"content":{"rendered":"<p>\u00c1reas:<\/p>\n<p>-341 com\u00e9rcio<\/p>\n<p>-344 contabilidade e fiscalidade<\/p>\n<p>-346 secretariado e trabalho administrativo<\/p>\n<p>-481 ci\u00eancias inform\u00e1ticas<\/p>\n<p>-522 eletricidade e energia<\/p>\n<p>-543 materiais (industrias da madeira, corti\u00e7a, papel, pl\u00e1sticos, vidro e outros)<\/p>\n<p>-762 trabalho social e orienta\u00e7\u00e3o<\/p>\n<p>-811 hotelaria e restaura\u00e7\u00e3o<\/p>\n","protected":false},"excerpt":{"rendered":"<div class=\"slide-text-bg2\"><span>\u00c1reas: -341 com\u00e9rcio -344 contabilidade e fiscalidade -346 secretariado e trabalho administrativo -481 ci\u00eancias inform\u00e1ticas -522 eletricidade e energi<\/span><\/div>\n<div class=\"slide-btn-area-sm\"><a href=\"https:\/\/escolahenriquemedina.org\/cqep\/rvcc-profissional\/\" class=\"slide-btn-sm\">Ler mais<\/a><\/div>\n","protected":false},"author":1,"featured_media":0,"parent":0,"menu_order":0,"comment_status":"closed","ping_status":"closed","template":"","meta":{"footnotes":""},"class_list":["post-44","page","type-page","status-publish","hentry"],"_links":{"self":[{"href":"https:\/\/escolahenriquemedina.org\/cqep\/wp-json\/wp\/v2\/pages\/44","targetHints":{"allow":["GET"]}}],"collection":[{"href":"https:\/\/escolahenriquemedina.org\/cqep\/wp-json\/wp\/v2\/pages"}],"about":[{"href":"https:\/\/escolahenriquemedina.org\/cqep\/wp-json\/wp\/v2\/types\/page"}],"author":[{"embeddable":true,"href":"https:\/\/escolahenriquemedina.org\/cqep\/wp-json\/wp\/v2\/users\/1"}],"replies":[{"embeddable":true,"href":"https:\/\/escolahenriquemedina.org\/cqep\/wp-json\/wp\/v2\/comments?post=44"}],"version-history":[{"count":2,"href":"https:\/\/escolahenriquemedina.org\/cqep\/wp-json\/wp\/v2\/pages\/44\/revisions"}],"predecessor-version":[{"id":49,"href":"https:\/\/escolahenriquemedina.org\/cqep\/wp-json\/wp\/v2\/pages\/44\/revisions\/49"}],"wp:attachment":[{"href":"https:\/\/escolahenriquemedina.org\/cqep\/wp-json\/wp\/v2\/media?parent=44"}],"curies":[{"name":"wp","href":"https:\/\/api.w.org\/{rel}","templated":true}]}}